common factor of k and 144.
16
Let y = -27772 - -27789. Calculate the highest common factor of 9707 and y.
17
Let f = 8114 + -8066. Calculate the highest common divisor of 21 and f.
3
Suppose -74*g - 129*g = -11*g - 35712. Calculate the greatest common divisor of g and 2666.
62
Let i = 9440 + -5683. What is the greatest common factor of i and 442?
221
Let m be (5/3)/(3/63). Let t be ((-4)/(-10))/(1/m). Suppose -1919 = 28*c - 5055. What is the highest common factor of t and c?
14
Suppose 2*h = -4*h + 156. Suppose -3*a + 3*p = -93, -99 - h = -4*a + 5*p. Let k be 1 - -10 - (3 - 2). What is the highest common divisor of k and a?
10
Suppose 2*t = 4*t - 644. Let g be (-163 + 174)/(22/28). What is the greatest common factor of g and t?
14
Let o(z) = 13*z + 58. Let l be o(-6). Let a = 25 + l. Suppose -a*b - 5*t + 80 = 0, -17 + 61 = 2*b + 5*t. Calculate the greatest common factor of 3 and b.
3
Let z be 10/(2 + 0/(-1)). Suppose 33 = z*f - 2. Let q(v) = v**2 + 11*v - 45. Let j be q(-16). What is the highest common divisor of j and f?
7
Suppose -y - 4*q - 30 = 0, q + 3*q = 20. Suppose -19 + 111 = -2*x. Let p = x - y. What is the greatest common factor of p and 4?
4
Suppose 2253 = 21*m - 1779. What is the greatest common factor of m and 300?
12
Let h(v) = 14*v**2 + 46*v - 238. Let r be h(4). What is the highest common divisor of r and 2958?
34
Suppose 3*z = 6*z + 7*s + 23, 2*z - 4*s = 28. Calculate the greatest common divisor of z and 1412.
4
Let c(l) = l**3 - 17*l**2 - 34*l - 61. Let z be c(19). Calculate the greatest common factor of 40 and z.
5
Let r = -4868 - -5508. Calculate the highest common factor of r and 2960.
80
Suppose 6*q = -4*q - 5166 + 22166. What is the highest common divisor of q and 136?
68
Suppose -232*q + 6417 = -3473 + 1538. Suppose m = 6*m - 5*o - 310, -5*o - 70 = -m. What is the highest common divisor of q and m?
12
Suppose -2*u + s = 10, -4*s + 34 - 6 = -4*u. Let g be -1 - (0 - 4) - 711/u. What is the greatest common divisor of g and 180?
60
Suppose 2*z = -3*l + 5904, 2*z + 5775 + 4065 = 5*l. What is the greatest common divisor of 48 and l?
48
Let h be (-71410)/(-110) - 18/693*7. What is the greatest common divisor of 55 and h?
11
Suppose 135 = 7*s + 569. Let r = s + 98. What is the greatest common divisor of 90 and r?
18
Let a be -27 - 3*(-2)/3. Let r = a + 32. Let n be 2 + (-1 + 62 - 0). What is the highest common factor of n and r?
7
Suppose 0 = u + 148 - 142. Let g be (26 - u)/((-8)/(-52)). What is the highest common factor of 32 and g?
16
Let u = 3734 + -3730. What is the highest common factor of u and 6826?
2
Let u be ((-406)/2 - -1)*(3 - 4). Let w = u - 196. What is the greatest common factor of 150 and w?
6
Let u be 474/18 + 5/(-15). Let m = 3 - -3. Let n be (52/12)/(1/m). Calculate the highest common factor of u and n.
26
Let k = 15 - 49. Let w = -32 - k. Suppose -4*x + 252 = w*x. What is the highest common factor of 21 and x?
21
Suppose -36*d + 39*d + 645 = 0. Let x = 269 + d. What is the highest common factor of 12 and x?
6
Let w(y) = 18*y**2 - 156*y + 216. Let t be w(7). Let h = 20 - 10. Calculate the highest common divisor of h and t.
2
Let o(g) = 4*g**2 + 6*g + 2. Let k be o(-5). Let r = k + -135. Let v = r - -85. What is the greatest common factor of v and 88?
22
Suppose 5*l - 6879 = 22431. Let y be l/(-132)*-2 - (-8)/44. Calculate the highest common divisor of 801 and y.
89
Suppose -9*a + 31922 = 27*t - 31*t, -5*a = -4*t - 17722. Calculate the highest common divisor of a and 250.
50
Suppose 317*v - 310*v = -3507. Let b = v + 522. Let w(g) = g**2 + 6*g + 7. Let f be w(-7). What is the highest common divisor of b and f?
7
Suppose -v - 14 = v. Let o be (v - -4) + (-1)/((-1)/2). Let c be (o - (-772)/12)/((-3)/(-9)). What is the greatest common divisor of 38 and c?
38
Let k be 55 - -2*3/2. Let g(t) = -17*t - 29. Let n be g(-12). Suppose 0 = 2*u + l - n, -3*u + 260 = 4*l - 5*l. Calculate the highest common factor of u and k.
29
Let b = -109 + 117. Suppose b*h + 85 = 429. Calculate the greatest common divisor of h and 387.
43
Let n(p) = -34*p**2 + 380*p - 9. Let i be n(6). Calculate the highest common divisor of i and 15.
3
Suppose 0 = 21*n - 266 - 469. Suppose -176 = 19*j - n*j. What is the highest common factor of j and 176?
11
Let x = 119 - 114. Suppose 5*v = 2*s + 808, -x*v - 3*s = -4*v - 148. Calculate the greatest common factor of 20 and v.
20
Let m(n) = -n**2 - 8*n - 10. Let t be m(-4). Suppose -t*k + 2*k = -8. Suppose c - k - 3 = 0. Calculate the highest common divisor of 55 and c.
5
Suppose 13*d - 87192 = -8*d. What is the highest common divisor of 72 and d?
24
Let p(k) = -k**3 - 71*k**2 - 43*k + 15. Let o be p(-71). Calculate the greatest common divisor of o and 295.
59
Let r = -3517 - -6272. Calculate the highest common divisor of r and 435.
145
Suppose 6*p + 2*p = 144. Suppose -p*i - 100 = -20*i. What is the greatest common divisor of i and 175?
25
Let q(t) = -14*t + 69. Let y be q(8). Let p be 3 - y/(-15) - (-9686)/30. Calculate the greatest common factor of p and 19.
19
Suppose -8*s = -3*s + 75. Let f be 22/(s/8 + 2). Suppose -3*r + 800 = 47*r. What is the highest common divisor of f and r?
16
Let d(o) = -o**2 + 31*o + 71. Let j be d(33). Suppose j*r - r = 16, 3*n - 2*r = 106. What is the greatest common divisor of n and 171?
19
Let l(q) = 2*q**2 + 72*q + 385. Let f be l(-6). What is the highest common factor of 19925 and f?
25
Suppose 5*i - o = 47, -5*i - 2*o - 5 + 61 = 0. Let h = -19462 - -19752. Calculate the highest common divisor of i and h.
10
Let z be (138*13)/((-897)/(-598)). Calculate the greatest common divisor of 644 and z.
92
Let q(r) = -r**3 + 6*r**2 + 223*r - 18. Let o be q(18). What is the highest common divisor of o and 36?
36
Let z = -5952 + 9382. Let v be 6/(-33) - z/(-110). Calculate the highest common divisor of 93 and v.
31
Suppose p + 26*p = -23*p + 19950. What is the highest common factor of 252 and p?
21
Let z(w) = -44*w - 3729. Let y be z(-85). What is the greatest common divisor of 134 and y?
1
Let k be 1/((-1)/5) - -32. Let c be 33 + 0/3 + -6. What is the greatest common factor of c and k?
27
Let v = 108 + 76. Suppose 76 = t - 4*r, 19*t - r - v = 16*t. Calculate the highest common factor of 72 and t.
12
Let i be (-5)/(-2) + 1070/20. Let v(x) = 18 + 6 - 6 + 37*x + 44*x. Let d be v(6). What is the greatest common divisor of d and i?
56
Let a = 65 + -59. Let n be (-1 + 239)/7 + a. What is the highest common divisor of n and 16?
8
Let u be (-728)/126 - (-2)/(-9). Let j be (-4 - -3)*u*5. Calculate the greatest common factor of j and 150.
30
Let l be ((-21)/(-42))/(5 + 357/(-72)). What is the highest common divisor of 6276 and l?
12
Let m(a) = -2*a + 10. Let u = -129 - -119. Let y(c) = -2*c**2 - 17*c + 17. Let t be y(u). Let h be m(t). Calculate the highest common factor of 396 and h.
36
Suppose 0 = -5*y - 4*d - 265, -5*d - 34 = y - 8*d. Let i = y - -35. Let s be i/273*-3 + 102/13. What is the greatest common factor of s and 1?
1
Suppose 0 = 4*i - 3*l - 7528, -13*l + 1844 = i - 9*l. Calculate the greatest common factor of i and 4556.
268
Suppose -6 = -27*s + 24*s. Suppose -2*w - 41 = -7. Let i(h) = -h - 15. Let d be i(w). What is the greatest common factor of s and d?
2
Suppose 2*i - 82 = 30. Let t = i - -9. Suppose -2*p + t = -23. Calculate the greatest common divisor of 110 and p.
22
Let s(b) = b**3 - 32*b**2 + 60*b + 18. Let h be s(30). Let y = 91 - 46. Calculate the highest common divisor of h and y.
9
Suppose 0 = 4*p - 5*p + 51. Let z be 2765/7 + 3 + 10. Calculate the greatest common divisor of z and p.
51
Let t(h) = -87*h + 21. Suppose 21*z = 20*z - 4. Let r be t(z). Suppose -4*q = 41 - r. What is the greatest common divisor of q and 123?
41
Let g be 73/1241 - (-640149)/51. Calculate the greatest common factor of 24 and g.
24
Suppose -f + 134*k + 142 = 138*k, 4*k - 994 = -7*f. Let j = 976 + -479. What is the greatest common factor of j and f?
71
Let q = 22339 - 22235. What is the greatest common divisor of 871 and q?
13
Suppose 0 = -5*i + 15. Let n = -133 - -121. Let h be (-3)/((9/n)/1). What is the highest common divisor of i and h?
1
Suppose -24*v = 32*v + 13*v - 14904. Calculate the highest common divisor of 56 and v.
8
Let w be 105/1 + (-15 - -21). Suppose 5*b = -3*c + w + 9